6 divide o*-24*(0 - 32/12)?
True
Suppose 0 = -258*y + 350*y - 2017008. Is 9 a factor of y?
True
Suppose -42413 = -6*m + 52975. Is 15 a factor of m?
False
Suppose 2*r - 113 = -3*y, 2*y = 2*r + 2*r + 86. Suppose 27 = 5*c + 2*m, 0*m + 13 = 3*c - 2*m. Let d = c + y. Is 16 a factor of d?
False
Let j be ((-12)/(-8))/(1/76*-3). Let s = j + 43. Suppose 3*o = -2*q - 2*q + 252, s*o = 0. Is q a multiple of 16?
False
Let s(q) = 33*q**2 - 16*q - 49 - 69*q**2 + 40*q**2. Let g be s(-6). Suppose -4*c + 278 = -5*m, 0*c = -3*c - 5*m + g. Is 6 a factor of c?
False
Suppose 3*g - 3*f - 22903 - 164 = 0, g = -4*f + 7719. Does 19 divide g?
True
Suppose -5*d - 4*h + 69 = -206, 0 = 3*h. Suppose u = -48 + d. Suppose 0*g - u*g = -812. Is 29 a factor of g?
True
Let o = 84 - 83. Is 11 a factor of 39/o - (-7 + -7 + 9)?
True
Suppose -8*y - 2*v = -24296, -5*v + 2*v = -2*y + 6060. Does 69 divide y?
True
Does 35 divide ((-162)/243)/(3/(-105318))?
False
Is 77 a factor of ((-5216103)/117)/(-3) + (-12)/(-39)?
True
Let b = 10 + -10. Let m = -220 + 204. Is 23 a factor of m/(-12)*((-69)/(-2) + b)?
True
Suppose -5*f + 25 = 0, -5*n - 8331 = -4*f - 42226. Does 17 divide n?
True
Does 23 divide 20950/(-15)*(300/(-8) - -3)?
True
Is ((-5)/((-15)/(-6)) + -8)*476/(-10) a multiple of 14?
True
Suppose 12*m - 882 = -6*m. Let r = m + 343. Is r a multiple of 49?
True
Let l be (15 - 15)/(-3 + 1). Suppose l = -12*s + 15*s. Suppose x - 5*z = 67, -x + 2*z = -s*z - 70. Is 24 a factor of x?
True
Suppose -18 = -3*o, -2*f + 429*o = 424*o - 10918. Is 14 a factor of f?
True
Let w = 11525 - 10201. Does 9 divide w?
False
Let b = -119 + 123. Suppose -9*d = -b*d - 330. Suppose -d = 6*y - 192. Is 21 a factor of y?
True
Let a(p) be the second derivative of -p**5/2 - p**4/4 + p**3/6 + 5*p**2/2 + 267*p. Suppose -5*h = -4*m + 15, 0*h - 2*m - 6 = 2*h. Does 20 divide a(h)?
False
Suppose 2*p + 1 = 5*r + 5, 0 = r. Is 21*-68*p/(-8) a multiple of 17?
True
Suppose -23*b - 21724 = 6659 - 233451. Is 6 a factor of b?
True
Suppose 78 = 2*q - t, 3*t - 5 = -17. Let x = 61 - q. Suppose -d = 5*l - 34 - 16, -4*d + x = 4*l. Is 3 a factor of l?
False
Suppose -q + u = -7881, q = 2*q + 2*u - 7872. Does 5 divide q?
False
Suppose 83 = 10*m + 23. Suppose -m*y - y = y. Suppose y = 2*z - 4*d - 121 + 19, 5*z + 5*d - 300 = 0. Is 36 a factor of z?
False
Suppose 0 = 5*q + 46 - 66. Suppose -150 = -3*l - 3*m, q*l - m - 4*m = 218. Let k = l - 42. Does 5 divide k?
True
Suppose -297502 - 318344 = -129*b. Is b a multiple of 11?
True
Let p(q) = 2*q**2 - 27*q - 15. Let i be p(14). Let t be (i/2)/((-16)/(-192)). Does 15 divide (1755/60)/(t/4)*-2?
False
Let w(i) = -i**3 + 8*i + 9. Let u be w(-3). Suppose -8 - 4 = -u*j. Is 14 a factor of (-7)/(7/(-264)) + (j - -1)?
True
Suppose 8*x - 2436 = 108. Suppose 34 + x = 8*r. Is r a multiple of 4?
True
Let u(g) = -2*g**3 - 13*g**2 + 8*g + 3. Let z be u(-7). Let b be 9*363*z/(-12). Suppose 2*c + 6 = 0, -7*h + b = -4*h + c. Does 13 divide h?
True
Suppose -4*j - 744 = -j. Let i = j - -590. Is i a multiple of 33?
False
Suppose 127*f + 431160 = 73*f + 78*f. Is 5 a factor of f?
True
Let s(j) be the third derivative of -67*j**4/12 - 2*j**3/3 + 78*j**2. Does 33 divide s(-2)?
True
Suppose 4*j = -2*p + 4, 4*p = p - j + 1. Suppose p = -32*c + 26*c + 660. Is c a multiple of 10?
True
Let h(l) = -186*l**3 - l**2 + 4*l + 5. Suppose 12*k - 1 = 13*k. Is 31 a factor of h(k)?
True
Suppose 0 = 12*n - 16*n + 1164. Let g = 21 + n. Does 24 divide g?
True
Suppose 10*d = 7*d - 1599. Let v = d - -933. Does 80 divide v?
True
Let t(y) = -38*y - 68. Let j(u) = 5*u - 53. Let k be j(9). Is t(k) a multiple of 59?
True
Suppose w - 4*q - 15304 = 0, -704*q + 708*q + 45976 = 3*w. Is 216 a factor of w?
True
Let v(b) = 20*b**2 - 53*b - 55. Is v(15) a multiple of 25?
True
Let h(v) = -87*v - 214. Let o be h(-15). Suppose -t = 31 - o. Is 76 a factor of t?
False
Suppose -4*d + 3*m = -37940, -20*d = -19*d + 4*m - 9504. Does 24 divide d?
False
Let d be 5452/6 + (-2 - (-21)/9). Suppose 351 = 7*r - d. Does 5 divide r?
True
Let u = 5159 + -224. Is 29 a factor of u?
False
Let r(t) = t**2 - 11*t - 26. Let u be r(14). Let l be 0*-2*(-4)/u. Suppose l = -o + 4*q + 45, -2*o - q = -o - 65. Is o even?
False
Let l(t) = 4*t**2 - 200*t - 5549. Is 6 a factor of l(-36)?
False
Suppose 10*a - 12282 = -2*j + 12*a, 12279 = 2*j - 5*a. Is 122 a factor of j?
False
Suppose 0 = -3*f + 5*a + 1009, -4*f + 2*a = -0*f - 1322. Let g = f + -136. Does 7 divide g?
False
Let r(f) = -30*f**3 + 6*f**2 + 7*f + 5. Let x be r(-5). Suppose -11*o + o + x = 0. Does 9 divide o?
True
Let u(l) = 1. Let h(r) = -17 - 57*r + 1 + 11 + 12. Let q(d) = -h(d) + 5*u(d). Does 15 divide q(2)?
False
Let s = -80 + 143. Suppose 3*u - s = -3. Suppose -3*b = b - u. Is 3 a factor of b?
False
Let d(n) = -n**3 + 3*n**2 + 5*n - 6. Let j be d(3). Suppose -j*h - 180 = -12*h. Does 14 divide h?
False
Suppose 0 = 3*i + 5*m - 26992, i - 31*m = -32*m + 9000. Does 75 divide i?
False
Suppose -52*l - 1170 = -13*l. Let q be (-2)/(-6) + (-15)/(-9). Is 7 a factor of (5*(-114)/l)/(q + -1)?
False
Suppose 0 = -5*f + 14 + 6, 4*r - 4*f = 2008. Suppose -4*x + 6*x + 3*v - 249 = 0, -4*x = -2*v - r. Does 3 divide x?
True
Let k(r) = 10*r - 36. Suppose -4 = 4*i + 4*v, 22 + 11 = 2*i - 5*v. Let q be k(i). Suppose q*w - 837 - 15 = 0. Is 19 a factor of w?
False
Let f be 39/9*(-4 + -2). Suppose 0*s + 2*s = -6. Is 11 a factor of (2/s)/(f/1053)?
False
Let r(l) = -25*l - 2*l**2 + 13*l - 12 - 16*l. Let j be r(-9). Let v = -33 + j. Is v a multiple of 7?
False
Let h = 105 + -135. Does 48 divide 124/(-930) + (-48214)/h?
False
Let w(z) = -33*z**2 + 20*z - 49. Let q(i) = -165*i**2 + 102*i - 246. Let n(j) = 4*q(j) - 21*w(j). Does 10 divide n(5)?
True
Let a be 115 + 27 - (0 - -2). Suppose 2*r + 2*f = -r - a, -r = -3*f + 32. Let t = 2 - r. Is 28 a factor of t?
False
Let t(o) = 755*o**2 + 133*o + 407. Is t(-3) a multiple of 112?
False
Let a = 92 + -79. Let v(i) = i**3 - 13*i**2 + 5*i + 11. Is v(a) even?
True
Suppose -75*c = -79*c + 672. Is ((459/6)/9)/(7/c) a multiple of 6?
True
Suppose 52*l - 28*l - 6617808 = -120*l. Is l a multiple of 155?
False
Suppose -3*z = y - 38103, 291*z + 2*y + 63483 = 296*z. Is 10 a factor of z?
False
Suppose 185*c + 2882 = 187*c. Suppose c = 20*j - 899. Is 5 a factor of j?
False
Let m = -222 + 225. Suppose -114 = -2*i + 6*g, -g - m*g = -i + 55. Does 12 divide i?
False
Suppose -3*a = 3*w - 118 + 577, a + 785 = -5*w. Let h = -121 - w. Is h a multiple of 4?
False
Suppose 60*p - 88830 = 55*p. Suppose 22*j - 8*j = p. Is j a multiple of 25?
False
Let h(p) = 2*p**3 + 61*p**2 - 49*p + 63. Is h(-28) a multiple of 17?
True
Suppose 0 = -55*v + 1210017 - 324957. Is v a multiple of 54?
True
Let o = 394 - 390. Suppose o*l = -235 + 747. Is 4 a factor of l?
True
Suppose 0 = -36*l + 439 + 65. Suppose -4*u = l*c - 13*c - 699, c - 690 = 5*u. Is 11 a factor of c?
False
Let g = -93 - -267. Suppose 5*b + 11*p - 7*p - 1349 = 0, 562 = 2*b - 4*p. Let k = b - g. Does 11 divide k?
True
Suppose -v - 286 = -4*g, 0 = -2*g + 3*v + 174 - 36. Does 2 divide ((-45)/(-6))/(10/g)?
True
Suppose 12*r - 148 = 17*r - 2*f, 124 = -4*r + 3*f. Is (-12)/(-4 - 106/r) a multiple of 14?
True
Is (273/4)/(5/(143 + 17)) a multiple of 13?
True
Let m be 1118/14 + (-5)/(-35). Let n = 153 - m. Is n a multiple of 8?
False
Let u = 9248 - 8569. Is u a multiple of 62?
False
Let t(u) = u**3 + 5*u**2 - 8*u. Let s be t(5). Let j = s - 146. Is j a multiple of 6?
False
Suppose 2*z + 2*h - 31556 = 0, 18413 = -2*z - 3*h + 49977. Is z a multiple of 95?
True
Let w(g) = 35*g**3 + 4*g**2 + 7*g + 66. Is w(5) a multiple of 52?
True
Suppose 4*u = -9*u + 14352. Suppose 3*r - u = 5*z, -5*r + 2*z + 1840 = 4*z. Is r a multiple of 23?
True
Let o = -1396 + 23068. Is o a multiple of 258?
True
Let x = 225 - 153. Suppose -a + x = -16. Does 8 divide a?
True
Let u be -1 + 4/8*76. Suppose -c + u = -t, 0 = 5*c + 4*t - t - 193. Let n = 60 + c. Does 12 divide n?
False
Let b = -4415 - -10328. Is 4 a factor of b?
False
Let l(t) = -11*t - 41. Let n be l(-13). Let z = -160 + n. Let v = 77 + z. Is 19 a factor of v?
True
Let h = 390 - -107. Let m be -1 - h - (16 - 16). Is 44 a factor of m/((6/1)/(-3))?
False
Let b = 11246 - -2834. Does 110 divide b?
True
Suppose t + 1715 = 8*t. Suppose 2*j - 2 - 6 = 4*i, 3*i = j - 4. Suppo